 number?
True
Suppose 0 = 3*b - 3*d - 6690, -9*b - 4*d = -4*b - 11150. Suppose 60*m - b = 55*m. Is m a prime number?
False
Let g be ((11 - 5) + -6)/(-1). Suppose 271*h - 266*h - 2915 = g. Is h composite?
True
Let h(l) = 1538*l**2 - 47*l + 731. Is h(-12) a composite number?
True
Let m = -9505 + 29865. Suppose j + 5173 = m. Is j a prime number?
True
Let l(h) = -h**3 - 8*h**2 - 77*h - 9. Is l(-28) a composite number?
False
Let t = 97576 + -26945. Is t a prime number?
False
Let n be 1077/(-2)*(-2)/(-3). Let h = 478 - -99. Let o = n + h. Is o composite?
True
Suppose -2*c = -2, -2*c = -2*x - 0*x + 2. Suppose -2*b + 3*u + 185 = 19, -2*b + x*u = -162. Is b a composite number?
True
Let g(d) = 14*d - 19. Let i(n) = 12*n - 18. Let w(j) = -5*g(j) + 6*i(j). Is w(24) a composite number?
True
Let z(q) be the second derivative of 83*q**4/12 + 3*q**3/2 + 23*q**2/2 - 242*q. Is z(8) a composite number?
False
Let u(x) = -x**3 + 6*x**2 + 5*x - 11. Let t = 5 + 0. Is u(t) composite?
True
Suppose -3*a + 2*t = -490717, 3*a + 136*t = 133*t + 490677. Is a a prime number?
True
Let l(a) = -29*a - 90. Let x be l(-7). Suppose -x*p + 110*p = -15441. Is p a composite number?
False
Suppose -2412 = 259*p - 262*p. Suppose 4*b + p = 6*g - 4*g, -1543 = -4*g - 5*b. Let z = 979 - g. Is z prime?
True
Let h(n) be the second derivative of 31*n**7/2520 + n**6/360 + n**5/24 - 7*n**4/12 - n. Let f(t) be the third derivative of h(t). Is f(4) a composite number?
False
Let q(h) = 23*h - 56. Let k(n) = -8*n + 19. Let j(x) = -8*k(x) - 3*q(x). Let r be j(4). Is 5*r/(-50) + 1329/15 a composite number?
False
Let r = -9728 - -14281. Is r a prime number?
False
Let w(i) = -4*i**3 - 3*i**2 + 5*i + 2. Let h be w(-4). Let v be ((-10)/4)/(450/(-360)). Suppose 0 = a - 2*s - 3001, 2*s + 5822 = v*a - h. Is a composite?
False
Suppose 3*g - 4 = 2*b, 4*g + 4*b = 2*g - 8. Let v be 3/(-6)*g/1. Suppose 2*f = -0*f + 2*a + 122, -2*a - 8 = v. Is f prime?
False
Let c(o) = o**3 - 35*o**2 + 6. Let g be c(35). Suppose 1113 - 25971 = -g*u. Is u prime?
False
Let y be ((-4)/10 - (-10)/25)/(-1). Suppose -3*i = -8*i + 25. Suppose -i*j + 3695 = -y*j. Is j prime?
True
Suppose 5*b = b + v + 403, -5*b + 530 = 4*v. Suppose 97*j - b*j + 6965 = 0. Is j composite?
True
Is ((-2)/(-11))/(322/16330391) prime?
True
Let j(q) = -1634*q - 199. Is j(-9) a composite number?
True
Suppose -34926054 + 8179191 = -35*u - 394*u. Is u a prime number?
True
Suppose -z = 2*m - 6*z - 3289, 5*m + 4*z = 8140. Suppose -5*y + 0*w + 4435 = 2*w, -5*y - w = -4440. Let c = m - y. Is c prime?
True
Let b(u) = 555*u + 44. Let k = -90 - -95. Is b(k) composite?
False
Suppose 0 = -9*u + 20 + 97. Let n(m) = 381*m - 64. Is n(u) composite?
False
Let c = 2657 + -2648. Let l = -4 + 2. Is (-1 - c)*307/l a prime number?
False
Suppose 47*u + 403432 = 55*u. Is u composite?
True
Suppose 107 = -4*h - 5*d, h - 3*d + 30 = -18. Is ((-9172)/(-6))/((-22)/h) prime?
True
Let p(q) = 588*q - 419. Let h = 215 + -209. Is p(h) composite?
False
Let i = -2884 + 6932. Suppose -10*g = -6*g - i. Suppose -g = 7*x - 3441. Is x a prime number?
True
Suppose -5 = i, -5*p - 2*i + 30 = -5*i. Suppose 6*r - 6 = p*r. Suppose 155 + 35 = r*y. Is y a prime number?
False
Let m(b) = -2*b**2 - 6*b + 4. Let z be m(-3). Let r(g) = g**3 + 7*g**2 + g - 14. Let a be r(-6). Suppose 0 = -z*o - a, 2076 = 4*f - 0*o + 2*o. Is f composite?
False
Let z = 4701 - 2498. Is z composite?
False
Let m = 164975 + -98838. Is m a prime number?
True
Let f = 2685 - 1727. Suppose 5*q - f = -208. Let t = q - 35. Is t a composite number?
True
Suppose -3*m - 12400 = 2*s, -18600 = 3*s - 0*m + m. Let a = s + 13203. Is a a composite number?
True
Suppose 3*s = 3*p - s - 1312, p + 2*s = 444. Suppose -52*o = -12*o - p. Is o a composite number?
False
Suppose -1257819 = -74*t + 264139. Is t a prime number?
False
Suppose 18*a - 15*a - 12 = 0. Suppose z - 3741 = a*s, 0*s - 10 = -2*s. Is z a composite number?
False
Let s(n) = 51 - 39*n - 75*n + 47*n - 147*n. Is s(-32) prime?
True
Let l(d) = -3*d - 21. Let t be l(-7). Suppose -7*k - 4525 + 34296 = t. Is k prime?
True
Let b = 1958 - 725. Suppose b = -0*p + 4*p - h, 2*p = 4*h + 634. Is p composite?
False
Let q = -520307 + 1229614. Is q a prime number?
True
Suppose 27*n = 3*d + 32*n - 384639, -3*n = -d + 128213. Is d a composite number?
False
Let h(i) = -i**2 + 5*i + 47. Let o be h(9). Is 4421 + -5 + -6 + o composite?
False
Suppose -178406 = 5*d - 1184371. Is d a prime number?
True
Suppose 7*l = 1146421 - 16551. Let u = l - 112103. Is u a prime number?
True
Suppose 0 = -4*g + 10*g - 5346270. Suppose -5*c = 4*c - g. Suppose 0 = -13*s - 15168 + c. Is s composite?
False
Let f = 83891 - 30820. Is f a composite number?
True
Let j be (-21 - -27) + (-10 - -1). Is 7062 + (2/j)/((-8)/60) composite?
True
Let b(w) = 62062*w**3 - 3*w**2 + 36*w - 32. Is b(1) composite?
True
Suppose -122 = -4*d - 114. Suppose d*r + 4431 = 3*k - 0*r, -5*r - 1477 = -k. Is k a composite number?
True
Suppose -3*d - q + 1481378 = 0, -9*d + 4*d + 2468969 = -4*q. Is d a prime number?
True
Is (34 + -2 - -7531)*326/6 composite?
True
Suppose -8 = -4*r - 4*p, 2*r - p - 4*p - 25 = 0. Suppose -i - 135 = r*c, -3*c - 4*i = -2*c + 46. Let o = c - -1167. Is o a composite number?
True
Let q = 201954 - 69035. Is q prime?
False
Suppose -8*s = 79*s + 4*s - 6343519. Is s a composite number?
False
Suppose 40*q + 60 = -20. Is ((-2)/(-4))/((-59230)/29620 - q) composite?
False
Let c = 736952 - 333209. Is c prime?
False
Let h(s) = -63*s**3 + 10*s**2 + 37*s + 81. Is h(-26) prime?
False
Suppose 0 = -28*s + 4106288 + 5301712. Suppose 0 = -14*t + 150962 + s. Is t prime?
False
Suppose -222*a = 428*a - 266881550. Is a composite?
False
Suppose 11*s = 6*s + 195. Let p be 26/s - (-44)/6. Is 3 - p*471/(-6) - 0 a prime number?
True
Suppose 1463473 = 48*d + 101741 - 945484. Is d a prime number?
False
Let d(n) = 11*n + 5. Let m be d(4). Suppose m = p + 42. Suppose p*j - 8498 = -679. Is j composite?
False
Is -10*9/30 + (37658 - -2) a composite number?
False
Let c(g) = -6*g**2 - 4*g - 3. Let x be c(-4). Let m = 82 + x. Is -4*1 + (-1170)/(m + -1) a prime number?
False
Let s(n) = -2*n**3 + 22*n**2 - n + 12. Let b be s(11). Let d(l) = 5*l**3 + 1. Let a be d(b). Suppose 5*u - a*u + 1655 = 0. Is u composite?
True
Let v = 218 - -146. Let w = 10533 - v. Is w a composite number?
False
Let q = -6 - -6. Suppose q = -2*x - 4*p + 46, -p = -4*p + 12. Is (-2)/x + 7436/195 prime?
False
Suppose 57*z + 12248 - 57573 = 674. Is z a composite number?
True
Let l = -41 + 65. Suppose -l*o - 243 = -21*o. Is (o + 2)*(-1 + 0) a composite number?
False
Let v = -141019 + 205166. Is v prime?
False
Is -5*((-8107866)/(-30))/(-13) - (2 + -4) a prime number?
False
Let t be 6/(-18) - (48/9)/2. Is -8 + 1990 - (t - 0) a composite number?
True
Let o(r) = -r**3 - 13*r**2 + 17*r + 42. Suppose -12*m + 20*m = -112. Let s be o(m). Is 1213 + 3 - (s + (-3)/3) prime?
True
Suppose 0 = -7*i + 14*i + 126. Let u = 89 - -19. Is (2 - u)/(12/i) a prime number?
False
Let v be (2 - 1) + (0 - 6). Let w(f) = f**3 + 6*f**2 + 3*f - 6. Let z be w(v). Suppose -280 = -z*p - 20. Is p composite?
True
Suppose -w + 624435 = -4*g, -20*w - 3*g - 624437 = -21*w. Is w composite?
False
Let t(q) be the third derivative of -851*q**4/6 - 11*q**3/6 + q**2 - 2. Is t(-2) prime?
False
Let l(a) = -496*a - 720. Let w be l(-3). Let d be (323/3)/((-1)/3). Let z = w + d. Is z a prime number?
False
Suppose -1709 = -2*v + 3933. Let a = 4982 - v. Is a prime?
True
Suppose -3 = -y - 0*y. Let b be (-42)/30*-2 - 8/(-40). Suppose 5*u + 15 = y*s - 206, 0 = 5*s + b*u - 323. Is s composite?
False
Suppose -35 = -5*c, -t - 35602 = -c - 329552. Is t composite?
False
Let i = 19563 + -13858. Let f = i - 3414. Suppose 5*b - f - 7454 = 0. Is b a composite number?
False
Let i(c) = 6328*c + 39. Suppose 6*b + 42 - 54 = 0. Is i(b) prime?
False
Let p(h) = h**3 + 13*h**2 + 18*h + 154. Let b be p(-9). Let d be (-7)/((-21)/1002) + -1. Let v = d + b. Is v a composite number?
True
Let x = -1086088 + 1681659. Is x composite?
False
Suppose -d - i = d + 120, 3*d = -4*i - 175. Let h = d - -64. Suppose -8*u + 455 = -h*u. Is u prime?
False
Let o(h) = -762*h**3 + 11*h + 2. Let k(w) = 381*w**3 - 6*w - 1. Let n(j) = -11*k(j) - 6*o(j). Let f be n(-1). Let q = f - -1863. Is q composite